{"id":978,"date":"2023-08-02T11:54:45","date_gmt":"2023-08-02T09:54:45","guid":{"rendered":"https:\/\/shop.kirmesverein.de\/?post_type=product&#038;p=978"},"modified":"2026-04-17T14:03:47","modified_gmt":"2026-04-17T12:03:47","slug":"kaffeetasse-kirmestor","status":"publish","type":"product","link":"https:\/\/www.kirmesverein.de\/fanshop\/produkt\/kaffeetasse-kirmestor\/","title":{"rendered":"Kaffeetasse &#8222;Kirmestor&#8220;"},"content":{"rendered":"<p><strong>Inhalt:<\/strong> 300 ml<strong><br \/>\nGrundfarbe (Tasse):<\/strong> wei\u00df<br \/>\n<strong>Akzentfarbe (Tasse):<\/strong> schwarz<br \/>\n<strong>Sp\u00fclmaschinenfest:<\/strong> ja<\/p>\n<p><strong>Weitere Artikelinformationen:<\/strong> Dieser Artikel kann nur bei <strong>Euronics Meckel<\/strong> (Mittelstra\u00dfe) abgeholt werden. <strong>Dieser Artikel wird nicht versendet!<\/strong><\/p>\n","protected":false},"excerpt":{"rendered":"<p>Kirmes-Feeling f\u00fcr jeden Schluck! Mit unserer Kaffeetasse \u201eKirmestor\u201c holst du dir das sch\u00f6nste Gef\u00fchl des Jahres direkt an deinen Fr\u00fchst\u00fcckstisch, ins B\u00fcro oder sogar ins Auto (vorsichtig beim Fahren!). Egal ob Kaffee, Tee oder Kakao \u2013 aus dieser Tasse schmeckt alles nach Kirmes. Und das Beste: Sie h\u00e4lt dein Getr\u00e4nk extra lange warm, damit das Kirmesgef\u00fchl nicht so schnell verfliegt. Sollten die 5 tollen Tage Ende Juni mal wieder viel zu schnell vorbei sein, weckt diese Tasse die Vorfreude auf die n\u00e4chste \u201eschr\u00e4ge\u201c Kirmes. Also, hol dir jetzt dein St\u00fcck Kirmes f\u00fcr jeden Tag!<\/p>\n","protected":false},"featured_media":1531,"comment_status":"open","ping_status":"closed","template":"","meta":[],"product_brand":[],"product_cat":[63],"product_tag":[74,75,72,78,73,76,77],"class_list":{"0":"post-978","1":"product","2":"type-product","3":"status-publish","4":"has-post-thumbnail","6":"product_cat-tassen","7":"product_tag-becher","8":"product_tag-kaffeebecher","9":"product_tag-kaffeetasse","10":"product_tag-keramiktasse","11":"product_tag-tasse","12":"product_tag-teetasse","13":"product_tag-trinkbecher","15":"first","16":"instock","17":"taxable","18":"shipping-taxable","19":"purchasable","20":"product-type-simple"},"_links":{"self":[{"href":"https:\/\/www.kirmesverein.de\/fanshop\/wp-json\/wp\/v2\/product\/978","targetHints":{"allow":["GET"]}}],"collection":[{"href":"https:\/\/www.kirmesverein.de\/fanshop\/wp-json\/wp\/v2\/product"}],"about":[{"href":"https:\/\/www.kirmesverein.de\/fanshop\/wp-json\/wp\/v2\/types\/product"}],"replies":[{"embeddable":true,"href":"https:\/\/www.kirmesverein.de\/fanshop\/wp-json\/wp\/v2\/comments?post=978"}],"wp:featuredmedia":[{"embeddable":true,"href":"https:\/\/www.kirmesverein.de\/fanshop\/wp-json\/wp\/v2\/media\/1531"}],"wp:attachment":[{"href":"https:\/\/www.kirmesverein.de\/fanshop\/wp-json\/wp\/v2\/media?parent=978"}],"wp:term":[{"taxonomy":"product_brand","embeddable":true,"href":"https:\/\/www.kirmesverein.de\/fanshop\/wp-json\/wp\/v2\/product_brand?post=978"},{"taxonomy":"product_cat","embeddable":true,"href":"https:\/\/www.kirmesverein.de\/fanshop\/wp-json\/wp\/v2\/product_cat?post=978"},{"taxonomy":"product_tag","embeddable":true,"href":"https:\/\/www.kirmesverein.de\/fanshop\/wp-json\/wp\/v2\/product_tag?post=978"}],"curies":[{"name":"wp","href":"https:\/\/api.w.org\/{rel}","templated":true}]}}