{"id":546,"date":"2022-05-05T15:05:11","date_gmt":"2022-05-05T13:05:11","guid":{"rendered":"https:\/\/shop.kirmesverein.de\/?post_type=product&#038;p=546"},"modified":"2026-04-17T13:58:17","modified_gmt":"2026-04-17T11:58:17","slug":"mottoshirt-2022","status":"publish","type":"product","link":"https:\/\/www.kirmesverein.de\/fanshop\/produkt\/mottoshirt-2022\/","title":{"rendered":"Mottoshirt 2022"},"content":{"rendered":"<p class=\"p1\"><span class=\"s1\"><strong>Material:<\/strong> 100% Baumwolle, ringgesponnenes Jersey<br \/>\n<\/span><span class=\"s1\"><strong>Grammatur in g\/qm:<\/strong> ca. 185<br \/>\n<\/span><span class=\"s1\"><strong>T-Shirts (Art):<\/strong> Rundhals<br \/>\n<strong>Farbe:\u00a0<\/strong>royal (Druck: wei\u00df)<\/span><\/p>\n<p><strong>Weitere Artikelinformationen:<\/strong> Dieser Artikel kann nur bei <strong>Euronics Meckel<\/strong> (Mittelstra\u00dfe) abgeholt werden. <strong>Dieser Artikel wird nicht versendet!<\/strong><\/p>\n","protected":false},"excerpt":{"rendered":"<p class=\"p1\">Du suchst das perfekte Outfit f\u00fcr die Kirmes (oder f\u00fcr den Alltag, um allen zu zeigen, dass du ein echter Fan bist)? Dann haben wir genau das Richtige f\u00fcr dich: Unser neues Kirmes Mottoshirt! In strahlendem Blau mit wei\u00dfem Druck ist es ein echter Hingucker. So f\u00e4llst du garantiert auf \u2013 egal ob auf dem Kirmesplatz oder im Supermarkt. Nach der Premiere 2021 war klar: Dieses Shirt muss es wieder geben!<\/p>\n","protected":false},"featured_media":1526,"comment_status":"open","ping_status":"closed","template":"","meta":[],"product_brand":[],"product_cat":[53],"product_tag":[59,57,58],"class_list":{"0":"post-546","1":"product","2":"type-product","3":"status-publish","4":"has-post-thumbnail","6":"product_cat-t-shirts","7":"product_tag-mottoshirt","8":"product_tag-shirt","9":"product_tag-t-shirt","11":"first","12":"instock","13":"sale","14":"taxable","15":"shipping-taxable","16":"purchasable","17":"product-type-variable"},"_links":{"self":[{"href":"https:\/\/www.kirmesverein.de\/fanshop\/wp-json\/wp\/v2\/product\/546","targetHints":{"allow":["GET"]}}],"collection":[{"href":"https:\/\/www.kirmesverein.de\/fanshop\/wp-json\/wp\/v2\/product"}],"about":[{"href":"https:\/\/www.kirmesverein.de\/fanshop\/wp-json\/wp\/v2\/types\/product"}],"replies":[{"embeddable":true,"href":"https:\/\/www.kirmesverein.de\/fanshop\/wp-json\/wp\/v2\/comments?post=546"}],"wp:featuredmedia":[{"embeddable":true,"href":"https:\/\/www.kirmesverein.de\/fanshop\/wp-json\/wp\/v2\/media\/1526"}],"wp:attachment":[{"href":"https:\/\/www.kirmesverein.de\/fanshop\/wp-json\/wp\/v2\/media?parent=546"}],"wp:term":[{"taxonomy":"product_brand","embeddable":true,"href":"https:\/\/www.kirmesverein.de\/fanshop\/wp-json\/wp\/v2\/product_brand?post=546"},{"taxonomy":"product_cat","embeddable":true,"href":"https:\/\/www.kirmesverein.de\/fanshop\/wp-json\/wp\/v2\/product_cat?post=546"},{"taxonomy":"product_tag","embeddable":true,"href":"https:\/\/www.kirmesverein.de\/fanshop\/wp-json\/wp\/v2\/product_tag?post=546"}],"curies":[{"name":"wp","href":"https:\/\/api.w.org\/{rel}","templated":true}]}}